the remainder when l is divided by j?
15
Suppose 9 = 5*l - 18*q + 16*q, -q + 18 = 5*l. Suppose -2*n - 5*h + 12 = l, -4*n + 4*h + 88 = 0. What is the remainder when 112 is divided by n?
10
Calculate the remainder when 9044/1938 - (-13436)/6 is divided by 445.
19
Let o(q) = -45*q**2 - 9224*q + 260. Calculate the remainder when o(-205) is divided by (-2)/7 - (-121)/7.
4
Suppose -15*l = -3 - 27. Suppose l = 22*i - 21*i. Calculate the remainder when i is divided by 2.
0
Suppose 41*h - 96*h + 462 = -41*h. Calculate the remainder when 353 is divided by h.
23
Let q(w) = -11*w + 27*w + 1 - 17 - 13*w + w**2. Let y be q(-9). Let f = 47 - y. Calculate the remainder when 34 is divided by f.
7
Calculate the remainder when (-6982)/(-10) + 459/(-45) + 11 is divided by 18.
15
Let p be 8 + (6/8 - 30/8). Suppose 13 = 4*h + 3*o, -5*h - 10*o + 10 = -p*o. What is the remainder when 55 is divided by h?
6
Let f be (-140)/(-105) + (-935)/(-3). Suppose 323 + f = 12*u. What is the remainder when 209 is divided by u?
50
Suppose 8*j - 7*j + 4*c - 18 = 0, 0 = 3*j - 5*c + 14. Calculate the remainder when 41 is divided by 2 + j - -23 - (0 - -1).
15
Let n(v) = 12*v**2 + 139*v + 428. Calculate the remainder when 313 is divided by n(-3).
75
Suppose 4*j = 5*l - 90, j + 0*j + 72 = 4*l. What is the remainder when l/81 + (-1508)/(-18) is divided by 15?
9
Let y(x) = x**2 - 4*x + 2. Let p be y(3). Let u(q) = 85*q**3 + 3*q + 3. Let b be u(p). Let r = b + 106. Calculate the remainder when 124 is divided by r.
19
Let x(l) = -2*l**2 - 198*l - 2233. Calculate the remainder when 737 is divided by x(-14).
2
Suppose 105 = 22*j - 49. What is the remainder when 179 is divided by j?
4
Suppose -k + 0*k + 4*g = -22, 5*k - g = 72. Suppose t + k - 38 = 0. What is the remainder when 238 is divided by t?
22
Suppose p + 2*a = -4*p + 4639, -2772 = -3*p - 5*a. Calculate the remainder when p is divided by 117.
110
Let u be (128/40)/((-4)/10). Let t(j) = -3*j**2 - 22*j + 32. What is the remainder when 43 is divided by t(u)?
11
Suppose 4*f + b - 5509 = 0, 2*f + 28*b = 29*b + 2759. What is the remainder when f is divided by 61?
36
Let o = 2153 + -1801. What is the remainder when o is divided by 58?
4
Suppose 5*m - 5*p = -65, 4*m + 3*p + 48 = 6*p. Let x be (-10)/15 - (-1110)/m. Let b = x + 245. Calculate the remainder when b is divided by 42.
37
Let z(g) = 37*g + 648. What is the remainder when 564 is divided by z(-15)?
6
Suppose 22*j = 32*j + u - 29682, -4*j + 3*u = -11900. What is the remainder when j is divided by 2966?
3
Suppose -20 + 100 = -5*f. Suppose 336 = -7*k + 861. Calculate the remainder when k is divided by 12 - 1/((-4)/f).
3
Calculate the remainder when 2802/35 - 48/(-56280)*-67 is divided by ((-2)/1)/((-4)/74).
6
Suppose -8*z - 2*x = -6 - 46, -5*z = -4*x - 43. Suppose 0 = j - 6 - 25. What is the remainder when j is divided by z?
3
Let s(v) = 173*v - 168. What is the remainder when s(15) is divided by 9?
6
Let m(t) = 29*t - 1. Let k = -214 + 213. Let c(w) = 30*w**2 + 5*w + 4. Calculate the remainder when m(3) is divided by c(k).
28
Let t be -14*(-17)/2*1. Let k = -75 + t. Let q(h) = 4*h**2 + 2*h. What is the remainder when k is divided by q(-2)?
8
Suppose -9 = -4*g + 11. What is the remainder when -10 + 8 + (-225)/(-5) is divided by g?
3
Let r = -118 - -123. Suppose -2*j - r*j = -1330. Calculate the remainder when j is divided by 16.
14
Suppose 2*a - 50 = -5*c + 57, a = -4*c + 52. Calculate the remainder when a is divided by 35.
21
Let q(u) = -u - 1. Let d(x) = -9. Let l(o) = d(o) + 9*q(o). Let w(v) = v**3 - 7*v**2 - 7*v + 11. What is the remainder when l(-6) is divided by w(8)?
17
Suppose -4*k + 3*d = -184, 29*k - 94 = 27*k + d. Calculate the remainder when 484 is divided by k.
43
Let x = -17741 - -17746. What is the remainder when 6569 is divided by x?
4
Suppose 0 = i + 2*i - 39. Let r(o) = 105*o - 232. What is the remainder when r(3) is divided by i?
5
Suppose -i + 115 = 4*i. Let g = 313 + -313. Suppose g = 46*y - y - 3060. Calculate the remainder when y is divided by i.
22
Let n = -4 + 8. Suppose n*w - 3*t - 271 = 0, 0*w - 5*t = -4*w + 273. Let a(r) = -r**3 - 3*r**2 + 2*r - 22. What is the remainder when w is divided by a(-5)?
13
Let b = -17953 - -18013. Calculate the remainder when 341 is divided by b.
41
Let l = -544 + 549. Calculate the remainder when 92 is divided by 87/7 - ((-128)/28 + l).
8
Calculate the remainder when 18/(-153) + 22815/153 is divided by 42.
23
Suppose -185*x = -198*x + 216892. Calculate the remainder when x is divided by 14.
10
Let a(r) = r**3 - 30*r**2 + 45*r - 71. Let b = 171 - 142. Calculate the remainder when a(b) is divided by 12.
9
Suppose 3*x + 2*b = x + 24, 4*b = 12. Let u(g) = g**2 - g + 18. What is the remainder when u(x) is divided by 27?
9
Suppose 11999 = -1258*r + 1271*r. Calculate the remainder when r is divided by 66.
65
Let m(s) = -s**2 - 27*s - 19. Let c be m(-26). Suppose 2*h + c*h - 423 = 0. Calculate the remainder when h is divided by 12.
11
Let u(s) = -44*s - 248. Let j(b) = -22*b - 125. Let i(w) = -7*j(w) + 4*u(w). Calculate the remainder when 22 is divided by i(-6).
7
What is the remainder when 166 is divided by (5/(-20) + 1438/(-8))*(-26)/52?
76
Suppose c = -4*c - 865. Let w = -63 - c. Suppose -2*j + 11 = 25, 0 = 17*h - 15*h - 5*j - 109. Calculate the remainder when w is divided by h.
36
Let w = 3252 - 3109. What is the remainder when 4287 is divided by w?
140
Suppose 190 = -24*n + 526. Calculate the remainder when 988 is divided by n.
8
Let b(o) = o**2 - 10*o - 41. Let n(v) = -v**2 + 1. Let t(d) = -b(d) - 4*n(d). Calculate the remainder when t(-7) is divided by 20.
14
Suppose -4*f = -3*g - 2*g + 21, -5*g + 3*f + 22 = 0. Suppose 0 = -g*r + 22*r - 425. Calculate the remainder when 66 is divided by r.
16
Let u be 90/40 + 5172/(-16). Let b = u - -343. What is the remainder when b is divided by (24/(-10))/(-3)*15?
10
Suppose 13*x - 6*x - 4*x - 33 = 0. What is the remainder when 1198 is divided by x?
10
Let y(t) = -6*t**3 - 14*t**2 + 18*t + 21. Let g be (-38)/323 + 166/(-34). What is the remainder when y(g) is divided by 37?
35
Suppose -13*z = -10*z + 15*i - 630, 4*z - 735 = -5*i. What is the remainder when 1359 is divided by z?
134
Suppose -8*c + 9 = -39. Suppose -15*t + c*t = -297. What is the remainder when 131 is divided by t?
32
What is the remainder when 1 + 31384/40 + (2/5 - 0) is divided by 66?
60
Let b = -642 - -956. Let p = b - 300. What is the remainder when 38 is divided by p?
10
Let h(a) = a. Let f be h(6). Calculate the remainder when ((-3)/(-12))/((-6)/(-48))*(2 + 6) is divided by 231/35 + f/(-10).
4
Let p = -5067 - -5136. What is the remainder when 72 is divided by p?
3
Suppose 5*l + 4*c - 38 = -13, -2*l + 7 = c. Suppose -11*o - 5*y + 16 + 74 = 0, -55 = -4*o - 5*y. What is the remainder when o is divided by l?
0
Suppose -4*c + 9 = -7. Suppose -c*w + 6*w - 28 = 0. Suppose 128 = 3*m + g, 0 = -5*m - 5*g + 7*g + 195. What is the remainder when m is divided by w?
13
Suppose 18*m - 326 = -20. Suppose 11876 - 30083 = -m*a. What is the remainder when a is divided by 16?
15
Suppose -364*g = -3*b - 362*g + 2211, 4*g = -4*b + 2928. What is the remainder when b is divided by 168?
63
Let r = -239 + 254. What is the remainder when 49 is divided by 39 + (36/r - (-16)/(-40))?
8
Suppose -2*y + 382 = -2*a, -5*a + 3*a - 772 = -4*y. What is the remainder when y is divided by ((-400)/(-120))/((-6)/(-72))?
35
Let o(u) = 7*u**3 + 3*u**2 - 5*u - 3. What is the remainder when o(4) is divided by 38?
17
What is the remainder when (247 + -4)*(56/21 - 0) is divided by 219?
210
Let f = -26212 - -26230. What is the remainder when 9623 is divided by f?
11
Suppose -6*u - 270 = -0*u. Let y = u + 48. Suppose 4*v - 171 = -n, -131 = -y*v - 0*n + 2*n. Calculate the remainder when v is divided by 22.
21
What is the remainder when 5097 is divided by -1 + 1 + -6 - (20 + -83 - -42)?
12
Let h(u) = -966*u - 9648. What is the remainder when (-2)/(4/(-86)) + 2 is divided by h(-10)?
9
Suppose -3*o - o - u + 20 = 0, 3*u + 30 = 3*o. Suppose -3*g + 21 = 5*z - o*g, 0 = 5*z - 5*g - 15. Calculate the remainder when 88 is divided by z.
4
Let i(x) = 2*x + 6. Suppose -5*t + 4*c - c = 81, -c = 2*t + 39. Let w = t - -25. What is the remainder when w is divided by i(-2)?
1
Let r(g) = 1